{"id":18,"date":"2026-02-18T11:47:45","date_gmt":"2026-02-18T11:47:45","guid":{"rendered":"http:\/\/mariasniezna.com.pl\/?page_id=18"},"modified":"2026-02-26T19:31:54","modified_gmt":"2026-02-26T19:31:54","slug":"historia","status":"publish","type":"page","link":"https:\/\/mariasniezna.com.pl\/index.php\/historia\/","title":{"rendered":"Historia"},"content":{"rendered":"\n<p><strong>Z DZIEJ\u00d3W SANKTUARIUM<\/strong><\/p>\n\n\n\n<p>W Diecezji \u015awidnickiej, w malowniczym zak\u0105tku Polski, w Sudetach pod szczytem g\u00f3ry Iglicznej (847 m n.p.m.), sk\u0105d roztacza si\u0119 wspania\u0142y widok na Masyw \u015anie\u017cnika i Kotlin\u0119 K\u0142odzk\u0105, w p\u00f3\u017anobarokowej \u015bwi\u0105tyni z ko\u0144ca XVIII w., kr\u00f3luje Matka Bo\u017ca czczona jako Przyczyna Naszej Rado\u015bci \u201eMaria \u015anie\u017cna.<\/p>\n\n\n\n<p>Dzieje Sanktuarium si\u0119gaj\u0105 czas\u00f3w, kiedy \u015al\u0105sk nale\u017ca\u0142 do Austrii, a ludno\u015b\u0107 Ziemi K\u0142odzkiej pielgrzymowa\u0142a do austriackiego Sanktuarium Matki Bo\u017cej w Mariazell. W wyniku przy\u0142\u0105czeniu Hrabstwa K\u0142odzkie-go w 1742 roku do Prus, pielgrzymuj\u0105cy do Mariazell mieli problemy z przekroczeniem granicy austriacko pruskiej. W\u00f3wczas to mieszkaniec wioski Wilkan\u00f3w, Krzysztof Veit, wracaj\u0105c w 1750 r. z pielgrzymki do Mariazell, przyni\u00f3s\u0142 wykonan\u0105 z drewna lipowego, ludow\u0105 kopi\u0119 figury Matki Bo\u017cej z Mariazell.<\/p>\n\n\n\n<div class=\"wp-block-media-text is-stacked-on-mobile\" style=\"grid-template-columns:40% auto\"><figure class=\"wp-block-media-text__media\"><img loading=\"lazy\" decoding=\"async\" width=\"1024\" height=\"778\" src=\"http:\/\/mariasniezna.com.pl\/wp-content\/uploads\/2026\/02\/IMG_2458-1024x778.jpeg\" alt=\"\" class=\"wp-image-162 size-full\" srcset=\"https:\/\/mariasniezna.com.pl\/wp-content\/uploads\/2026\/02\/IMG_2458-1024x778.jpeg 1024w, https:\/\/mariasniezna.com.pl\/wp-content\/uploads\/2026\/02\/IMG_2458-300x228.jpeg 300w, https:\/\/mariasniezna.com.pl\/wp-content\/uploads\/2026\/02\/IMG_2458-768x584.jpeg 768w, https:\/\/mariasniezna.com.pl\/wp-content\/uploads\/2026\/02\/IMG_2458-1536x1167.jpeg 1536w, https:\/\/mariasniezna.com.pl\/wp-content\/uploads\/2026\/02\/IMG_2458-110x83.jpeg 110w, https:\/\/mariasniezna.com.pl\/wp-content\/uploads\/2026\/02\/IMG_2458.jpeg 1587w\" sizes=\"auto, (max-width: 1024px) 100vw, 1024px\" \/><\/figure><div class=\"wp-block-media-text__content\">\n<p>Figur\u0119 umieszczono na stoku g\u00f3ry Iglicznej pod konarem roz\u0142o\u017cystego buka. Mia\u0142a ona przypomina\u0107 sanktuarium w Mariazell.Pi\u0119tna\u015bcie lat p\u00f3\u017aniej wichura zrywaj\u0105ca dachy w Wilkanowie, przewracaj\u0105ca drzewa w miejscowo\u015bci i na stoku g\u00f3ry Iglicznej, przewr\u00f3ci\u0142a r\u00f3wnie\u017c stary buk ze znajduj\u0105c\u0105 si\u0119 na nim figur\u0105 Matki Bo\u017cej, kt\u00f3ra ocala\u0142a nieuszkodzona. Widz\u0105c w tym dzia\u0142a-nie Opatrzno\u015bci Bo\u017cej, figur\u0119 przeniesiono w inne miejsce niezniszczone przez wichury i burze. W 1776 roku, w miejscu obecnej plebanii, wybudowano kolejn\u0105 drewnian\u0105 kaplic\u0119, w kt\u00f3rej 26 czerwca 1777 roku wyproszono pierwsze potwierdzone uzdrowienie. By\u0142o nim przywr\u00f3cenie wzroku mieszka\u0144cowi Siennej, synowi Wawrzy\u0144ca Franke, kt\u00f3ry wpad\u0142 do do\u0142u z wapnem i straci\u0142 wzrok. Rodzice modl\u0105c si\u0119 przed figur\u0105, za po\u015brednictwem Matki Bo\u017cej, wyprosili u Wszechmog\u0105cego Boga przywr\u00f3cenie wzroku.<\/p>\n<\/div><\/div>\n\n\n\n<p>Nast\u0119pny cud to uzdrowienie zmia\u017cd\u017conej przez tryby m\u0142y\u0144skie r\u0119ki synowi m\u0142ynarza z Wilkanowa. Do 1782 r. komisyjnie potwierdzono dwana\u015bcie uzdrowie\u0144. Na g\u00f3r\u0119 Igliczn\u0105 coraz cz\u0119\u015bciej zacz\u0119li przybywa\u0107 pielgrzymi, a drewniana kaplica szybko okaza\u0142a si\u0119 zbyt ma\u0142a. 18 czerwca 1781 roku po\u015bwi\u0119cono kamie\u0144 w\u0119gielny rozpoczynaj\u0105c budow\u0119 obecnej \u015bwi\u0105tyni. Prace murarskie prowadzi\u0142 Andrzej J\u00e4ger z Mi\u0119dzylesia, a ciesielskie J\u00f3zef Knietig z Wilkanowa. Pod ich nadzorem budowl\u0119 wznosili przybywaj\u0105cy pielgrzymi.<\/p>\n\n\n\n<p>W dniu 22 pa\u017adziernika 1782 roku ko\u015bci\u00f3\u0142 po-\u015bwi\u0119ci\u0142 Wikariusz Biskupi arcybiskupa Pragi, Dziekan K\u0142odzki, Proboszcz Parafii Mi\u0119dzylesie, ksi\u0105dz Karol Winter. \u015awi\u0105tynia otrzyma\u0142a we-zwanie \u201eMaria \u015anie\u017cna. Dwa lata p\u00f3\u017aniej uko\u0144czono budow\u0119 wie\u017cy, a w latach 1821-23 dobudowano kru\u017cganki otaczaj\u0105ce naw\u0119 ko\u015bcio\u0142a.<\/p>\n\n\n\n<p><strong>MARIA \u015aNIE\u017bNA<\/strong><\/p>\n\n\n\n<p>Wybudowany ko\u015bci\u00f3\u0142 podczas po\u015bwi\u0119cenia w dniu 22.10.1782 r. otrzyma\u0142 wezwanie (Mari\u00e6 ad Nives) \u201eMaria \u015anie\u017cna&#8221;. Wezwanie \u201eMaria \u015anie\u017cna w tym miejscy rozwijaj\u0105cego si\u0119 kultu ma uzasadnienie, gdy\u017c jest to obszar nale\u017c\u0105cy do masywu \u015anie\u017cnika oraz przez fakt, \u017ce znaczn\u0105 cz\u0119\u015b\u0107 roku \u015bnieg zalega na tych terenach utrudniaj\u0105c wszelkie prace. Pierwsza \u015bwi\u0105tynia o wezwaniu \u201eMaria \u015anie\u017cna&#8221;, zosta\u0142a wybudowana w Rzymie w miejscu, gdzie 5 sierpnia 352 r. spad\u0142 \u015bnieg. Wybudowanie tej rzymskiej \u015bwi\u0105tyni wi\u0105\u017ce si\u0119 z legend\u0105, wed\u0142ug kt\u00f3rej papie\u017c Liberiusz (352-366) i rzymski patrycjusz Jan mieli podobne sny. Papie\u017cowi \u015bni\u0142o si\u0119, \u017ce zosta\u0142 poproszony o za-twierdzenie budowy ko\u015bcio\u0142a po\u015bwi\u0119conego Matce Bo\u017cej w miejscu, gdzie w Rzymie spadnie \u015bnieg.<\/p>\n\n\n\n<p>Patrycjusz Jan podczas snu dowiedzia\u0142 si\u0119, \u017ce b\u0119dzie mia\u0142 potomstwo, je\u017celi za zgod\u0105 papie\u017ca wybuduje w Rzymie ko\u015bci\u00f3\u0142 po\u015bwi\u0119cony Matce Bo\u017cej w miejscu, gdzie spadnie \u015bniegu. Rano 5 sierpnia 352 r. wzg\u00f3rze Eskwili\u0144skie pokryte warstw\u0105 \u015bniegu wywo\u0142a\u0142o wielkie zdziwienie u Rzymian, a dla papie\u017ca Liberiusza i rzymskiego patrycjusza Jana by\u0142o wyra\u017an\u0105 podpowiedzi\u0105, aby zgodnie z wol\u0105 Bo\u017c\u0105 przyst\u0105pi\u0107 do budowy \u015bwi\u0105tyni. Dla upami\u0119tnienia owego opadu \u015bniegu otrzyma\u0142a wezwanie Santa Maria della Neve &#8211; Matki Bo\u017cej \u015anie\u017cnej. By\u0142a to pierwsza \u015bwi\u0105tynia wybudowana ku czci Matki Bo\u017cej w Europie. Obecna \u015bwi\u0105tynia wzniesiona w tym miejscu to bazylika Santa Maria Maggiore &#8211; Matki Bo\u017cej Wi\u0119kszej, jedna z czterech bazylik wi\u0119kszych Rzymu. Od czasu po\u015bwi\u0119cenia ko\u015bcio\u0142a na g\u00f3rze Iglicznej, figura Matki Bo\u017cej cz\u0119sto potocznie okre\u015blana jest wezwaniem \u201eMaria \u015anie\u017cna&#8221;.<\/p>\n\n\n\n<p><strong>FIGURA MATKI BO\u017bEJ<\/strong><\/p>\n\n\n\n<div class=\"wp-block-media-text is-stacked-on-mobile\"><figure class=\"wp-block-media-text__media\"><img loading=\"lazy\" decoding=\"async\" width=\"569\" height=\"739\" src=\"http:\/\/mariasniezna.com.pl\/wp-content\/uploads\/2026\/02\/IMG_2388-1.jpeg\" alt=\"\" class=\"wp-image-159 size-full\" srcset=\"https:\/\/mariasniezna.com.pl\/wp-content\/uploads\/2026\/02\/IMG_2388-1.jpeg 569w, https:\/\/mariasniezna.com.pl\/wp-content\/uploads\/2026\/02\/IMG_2388-1-231x300.jpeg 231w\" sizes=\"auto, (max-width: 569px) 100vw, 569px\" \/><\/figure><div class=\"wp-block-media-text__content\">\n<p>\u0141askami s\u0142yn\u0105ca figura Matki Bo\u017cej zosta\u0142a wykonana z drewna lipowego w Austrii ok. 1750 r. przez nieznanego artyst\u0119, jako p\u0142askorze\u017aba. Ma 39 cm wysoko\u015bci i jest ludow\u0105 kopi\u0105 cudownej figury Matki Bo\u017cej z austriackiego sanktuarium w Mariazell. Figura przedstawia Maryj\u0119 z Dzieci\u0105tkiem Jezus trzymanym na prawej r\u0119ce. Suknia Maryi jest w kolorze b\u0142\u0119kitu z motywem floralnym, za\u015b suknia Jezusa g\u0142adka w kolorze czerwie-ni. Suknie obu postaci s\u0105 w kszta\u0142cie trapezu z poziomymi pasami imituj\u0105cymi sploty sznura z wisiorami. Podstaw\u0119 figury stanowi\u0105 trzy g\u0142\u00f3wki anio\u0142\u00f3w. Na figur\u0119 zak\u0142adane s\u0105 suknie, kt\u00f3re maj\u0105 upi\u0119kszy\u0107 posta\u0107 Matki Bo\u017cej i Dzieci\u0105tka Jezus. Podczas koronacji 21.06.1983 r. otrzyma\u0142a wezwanie Przyczyna Naszej Rado\u015bci. <\/p>\n<\/div><\/div>\n\n\n\n<p> <br><strong>PRZYCZYNA NASZEJ RADO\u015aCI<\/strong><\/p>\n\n\n\n<p>Cudowna figura Matki Bo\u017cej na g\u00f3rze Iglicznej jest jednym z dowod\u00f3w Jej wiecznej obecno\u015bci na Ziemi. Wys\u0142uchuje modlitw wiernych, dostrzega problemy i troski dzisiejszych ludzi, czeka na nich. Ona chce nam pom\u00f3c. Dla wyra\u017cenia odpowiedniej wdzi\u0119czno\u015bci Bo\u017cej Rodzicielce za tak liczne \u0142aski, Ojciec \u015awi\u0119ty Jan Pawe\u0142 II podczas drugiej pielgrzymki do Ojczyzny, w dniu 21 czerwca 1983 r., dokona\u0142 we Wroc\u0142awiu koronacji cudownej figury Matki Bo\u017cej, nadaj\u0105c jej wezwanie \u201ePrzyczyna Naszej Rado\u015bci&#8221;:<\/p>\n\n\n\n<p>\u201ePragn\u0119 wyrazi\u0107 rado\u015b\u0107, \u017ce w\u015br\u00f3d jasnog\u00f3rskiej pielgrzymki jest mi dane ukoronowa\u0107 cudown\u0105 figur\u0119 Matki Bo\u017cej \u015anie\u017cnej, kt\u00f3ra w Sudetach kr\u00f3luje i hojnie rozdaje swe \u0142aski: szczeg\u00f3lna Opiekunka ludzi dotkni\u0119tych chorob\u0105 oczu, niewiast pragn\u0105cych potomstwa, turyst\u00f3w i sportowc\u00f3w &#8211; Przyczyna Naszej Rado\u015bci.<\/p>\n\n\n\n<p>Wk\u0142adaj\u0105c na skronie Syna i Matki korony, m\u00f3wimy: \u201eTy\u015b Bogarodzic\u0105, Ty\u015b nasz\u0105 Matk\u0105, nasz\u0105 Kr\u00f3low\u0105. W Twoich r\u0119kach, Po\u015bredniczko \u0142ask wszelkich, nasze \u017cycie i nasze zbawienie. Zbieramy dzi\u015b w jedno, sk\u0142adamy u st\u00f3p Twoich wiar\u0119, nadziej\u0119 i mi\u0142o\u015b\u0107 wyra\u017cane tu i wyznawane przed Tob\u0105 od tylu dziesi\u0105tk\u00f3w lat, a tak\u017ce nasz\u0105 wiar\u0119, nadziej\u0119 i mi\u0142o\u015b\u0107 t\u0119, kt\u00f3r\u0105 wyznawa\u0107 b\u0119d\u0105 przysz\u0142e pokolenia. B\u0105d\u017a nasz\u0105 rado\u015bci\u0105, jak w przesz\u0142o\u015bci, tak r\u00f3wnie\u017c dzi\u015b, zsy\u0142aj sercom naszym \u0142aski, tak jak p\u0142atki \u015bniegu w g\u00f3rach, gdzie mieszkasz. Polecam siebie i moj\u0105 pos\u0142ug\u0119 Ko\u015bcio\u0142owi powszechnemu na rzymskiej Stolicy \u015awi\u0119tego Piotra modlitwom pielgrzym\u00f3w, kt\u00f3rzy Ci\u0119, Matko Bo\u017ca \u015anie\u017cna, odwiedzaj\u0105\u201d.<\/p>\n\n\n\n<p>JAN PAWE\u0141 II nawiedzi\u0142 Sanktuarium \u201eMaria \u015anie\u017cna&#8221; co naj-mniej trzykrotnie i sprawowa\u0142 Msz\u0119 \u015awi\u0119t\u0105:&nbsp;<\/p>\n\n\n\n<p>7 lipca 1955 r. jako ksi\u0105dz Karol Wojty\u0142a, pielgrzymuj\u0105c pieszo z Kudowy wraz z grup\u0105 przyjaci\u00f3\u0142 student\u00f3w z Krakowa. Nocleg na g\u00f3rze Iglicznej z 6\/7 lipca w nieistniej\u0105cym ju\u017c obiekcie \u201ePod pi\u0119knym widokiem&#8221; z panoram\u0105 na Kotlin\u0119 K\u0142odzk\u0105.<\/p>\n\n\n\n<p>20 sierpnia 1961 r. jako biskup krakowski, na zako\u0144czenie obchodzonych we Wroc\u0142awiu \u201eDni Maryjnych&#8221;. Od strony miejscowo\u015bci Marian\u00f3wka przywi\u00f3z\u0142 samochodem skod\u0105 ks. pra\u0142at Stanis\u0142aw Franczak.<\/p>\n\n\n\n<p>10 sierpnia 1968 r. &#8211; jako kardyna\u0142 krakowski, pielgrzymuj\u0105c z ksi\u0119\u017cmi Archidiecezji Krakowskiej. Po noclegu w hotelu \u201e\u015anie\u017cnik&#8221; w Bystrzycy K\u0142odzkiej, przewodnik sudecki Adam Kiernicki przyprowadzi\u0142 grup\u0119 od strony Mi\u0119dzyg\u00f3rza.<\/p>\n\n\n\n<p><strong>BULLA KORONACYJNA &#8211; T\u0141UMACZENIE<\/strong><\/p>\n\n\n\n<p>Jan Pawe\u0142 II Papie\u017c na wieczn\u0105 rzeczy pami\u0105tk\u0119. Jak\u0105 wielk\u0105 czci\u0105 otaczana jest figura Matki Bo\u017cej \u015anie\u017cnej, strze\u017cona na G\u00f3rze Iglicznej, po\u0142o\u017conej w granicach parafii \u015bw. J\u00f3zefa w Mi\u0119dzyg\u00f3rzu w Archidiecezji Wroc\u0142awskiej, najlepiej \u015bwiadcz\u0105 bezustanne katolickie rzesze pielgrzym\u00f3w, kt\u00f3re przez lata od 1782 roku, kiedy tam tej\u017ce Dziewicy ko\u015bci\u00f3\u0142 zosta\u0142 po\u015bwi\u0119cony nieustannie przybywaj\u0105, aby wyprosi\u0107 \u0142askaw\u0105 opiek\u0119 i skuteczne wstawiennictwo u Boga najs\u0142odszej Matki, \u017ce Jej dobrodziejstwa by\u0142y liczne \u015bwiadcz\u0105 wpisy w ksi\u0119gach tej \u015bwi\u0105tyni. Dla powi\u0119kszenia tego kultu i dla wyra\u017cenia odpowiedniej wdzi\u0119czno\u015bci Bo\u017cej Rodzicielce za udzielone tak liczne \u0142aski w czasie up\u0142ywu czasu, Wielebny Brat Henryk Gulbinowicz Arcybiskup Metropolita Wroc\u0142awski wyra\u017caj\u0105c pragnienie swoje, kleru i wiernych, prosi\u0142, aby w Naszym imieniu i Naszym autorytetem wizerunek ten m\u00f3g\u0142 by\u0107 ukoronowany kosztownym klejnotem. Dlatego My, zasi\u0119gn\u0105wszy rady \u015awi\u0119tej Kongregacji dla Sakrament\u00f3w i Kultu Bo\u017cego, bardzo ch\u0119tnie przychylamy si\u0119 do pro\u015bby i niniejszym pismem Naszym Apostolskim Autorytetem udzielamy mu upowa\u017cnienia, aby wizerunkowi, kt\u00f3ry co dopiero wspomnieli\u015bmy, w Naszym imieniu na\u0142o\u017cy\u0142 kosztown\u0105 koron\u0119 stosuj\u0105c przepisy co do rytu i formu\u0142y. Przy tym g\u0142\u0119boko wierzymy, \u017ce przez ten uroczysty fakt zostanie powi\u0119kszona chwa\u0142a tak wielkiej Or\u0119downiczki, Kr\u00f3lowej nieba i ziemi, jak i zostan\u0105 umocnione wiara i obyczaje katolickiej wsp\u00f3lnoty. Wszelkie przepisy przeciwne s\u0105 niewa\u017cne. Dane w Rzymie, u \u015aw. Piotra, pod piecz\u0119ci\u0105 Rybaka, dnia 28, miesi\u0105ca pa\u017adziernika, roku 1982, w pi\u0105tym roku Naszego Pontyfikatu.<\/p>\n\n\n\n<p><em>&#8222;Augustyn Kardyna\u0142 Casaroli w publicznych sprawach Ko\u015bcio\u0142a&#8221;<\/em><\/p>\n\n\n\n<p><br><strong>NAJ\u015aWI\u0118TSZA MARYJA PANNA Z G\u00d3RY IGLICZNEJ, PRZYCZYNA NASZEJ RADO\u015aCI <\/strong><\/p>\n\n\n\n<p>\u201eMaria \u015anie\u017cna&#8221; czczona jest jako patronka: pragn\u0105cych przejrze\u0107 fizycznie i duchowo, poprzez pierwszy cud, uzdrowienie oczu wyproszony 26.06.1777 r.; pragn\u0105cych potomstwa poprzez wezwanie ko\u015bcio\u0142a \u201eMaria \u015anie\u017cna, w nawi\u0105zaniu do \u015bwi\u0105tyni o tym wezwaniu wzniesionej jako pro\u015bba o dar potomstwa, wybudowanej w Rzymie w miejscu, gdzie 05.08.352 r. spad\u0142 \u015bnieg; turyst\u00f3w i sportowc\u00f3w to wstawiennictwo nadaje Jan Pawe\u0142 II podczas koronacji figury, w odniesieniu do znaczenia fizycznego i duchowego w nawi\u0105zaniu do s\u0142\u00f3w \u015bw. Paw\u0142a: \u201eW dobrych zawodach wyst\u0105pi\u0142em, bieg uko\u0144czy\u0142em, wiary ustrzeg\u0142em.&#8221; 2Tm 4,7.<\/p>\n","protected":false},"excerpt":{"rendered":"<p>Z DZIEJ\u00d3W SANKTUARIUM W Diecezji \u015awidnickiej, w malowniczym zak\u0105tku Polski, w Sudetach pod szczytem g\u00f3ry Iglicznej (847 m n.p.m.), sk\u0105d roztacza si\u0119 wspania\u0142y widok na Masyw \u015anie\u017cnika i Kotlin\u0119 K\u0142odzk\u0105, w p\u00f3\u017anobarokowej \u015bwi\u0105tyni z ko\u0144ca XVIII w., kr\u00f3luje Matka Bo\u017ca czczona jako Przyczyna Naszej Rado\u015bci &hellip; <\/p>\n","protected":false},"author":1,"featured_media":83,"parent":0,"menu_order":0,"comment_status":"closed","ping_status":"closed","template":"","meta":{"footnotes":""},"class_list":["post-18","page","type-page","status-publish","has-post-thumbnail","hentry"],"_links":{"self":[{"href":"https:\/\/mariasniezna.com.pl\/index.php\/wp-json\/wp\/v2\/pages\/18","targetHints":{"allow":["GET"]}}],"collection":[{"href":"https:\/\/mariasniezna.com.pl\/index.php\/wp-json\/wp\/v2\/pages"}],"about":[{"href":"https:\/\/mariasniezna.com.pl\/index.php\/wp-json\/wp\/v2\/types\/page"}],"author":[{"embeddable":true,"href":"https:\/\/mariasniezna.com.pl\/index.php\/wp-json\/wp\/v2\/users\/1"}],"replies":[{"embeddable":true,"href":"https:\/\/mariasniezna.com.pl\/index.php\/wp-json\/wp\/v2\/comments?post=18"}],"version-history":[{"count":8,"href":"https:\/\/mariasniezna.com.pl\/index.php\/wp-json\/wp\/v2\/pages\/18\/revisions"}],"predecessor-version":[{"id":171,"href":"https:\/\/mariasniezna.com.pl\/index.php\/wp-json\/wp\/v2\/pages\/18\/revisions\/171"}],"wp:featuredmedia":[{"embeddable":true,"href":"https:\/\/mariasniezna.com.pl\/index.php\/wp-json\/wp\/v2\/media\/83"}],"wp:attachment":[{"href":"https:\/\/mariasniezna.com.pl\/index.php\/wp-json\/wp\/v2\/media?parent=18"}],"curies":[{"name":"wp","href":"https:\/\/api.w.org\/{rel}","templated":true}]}}